{"id":96,"date":"2024-11-19T22:16:21","date_gmt":"2024-11-19T21:16:21","guid":{"rendered":"http:\/\/www.lapetitecom.be\/?page_id=96"},"modified":"2025-11-13T22:28:10","modified_gmt":"2025-11-13T21:28:10","slug":"coaching","status":"publish","type":"page","link":"http:\/\/www.lapetitecom.be\/index.php\/coaching\/","title":{"rendered":"Services"},"content":{"rendered":"\t\t<div data-elementor-type=\"wp-page\" data-elementor-id=\"96\" class=\"elementor elementor-96\">\n\t\t\t\t<div class=\"elementor-element elementor-element-b3dab8d e-flex e-con-boxed e-con e-parent\" data-id=\"b3dab8d\" data-element_type=\"container\">\n\t\t\t\t\t<div class=\"e-con-inner\">\n\t\t\t\t<div class=\"elementor-element elementor-element-2e5387a elementor-widget elementor-widget-heading\" data-id=\"2e5387a\" data-element_type=\"widget\" data-widget_type=\"heading.default\">\n\t\t\t\t<div class=\"elementor-widget-container\">\n\t\t\t<h2 class=\"elementor-heading-title elementor-size-default\">COACHING \nCANVA  1H CHRONO<\/h2>\t\t<\/div>\n\t\t\t\t<\/div>\n\t\t\t\t\t<\/div>\n\t\t\t\t<\/div>\n\t\t<div class=\"elementor-element elementor-element-3d86547 e-flex e-con-boxed e-con e-parent\" data-id=\"3d86547\" data-element_type=\"container\">\n\t\t\t\t\t<div class=\"e-con-inner\">\n\t\t\t\t<div class=\"elementor-element elementor-element-54f7f29 elementor-widget elementor-widget-spacer\" data-id=\"54f7f29\" data-element_type=\"widget\" data-widget_type=\"spacer.default\">\n\t\t\t\t<div class=\"elementor-widget-container\">\n\t\t\t\t\t<div class=\"elementor-spacer\">\n\t\t\t<div class=\"elementor-spacer-inner\"><\/div>\n\t\t<\/div>\n\t\t\t\t<\/div>\n\t\t\t\t<\/div>\n\t\t\t\t<div class=\"elementor-element elementor-element-97ad567 elementor-widget elementor-widget-image\" data-id=\"97ad567\" data-element_type=\"widget\" data-widget_type=\"image.default\">\n\t\t\t\t<div class=\"elementor-widget-container\">\n\t\t\t\t\t\t\t\t\t\t\t\t\t<img fetchpriority=\"high\" decoding=\"async\" width=\"1536\" height=\"768\" src=\"http:\/\/www.lapetitecom.be\/wp-content\/uploads\/2025\/05\/Copie-de-Coaching-Canva-Site-Web-1-1536x768.png\" class=\"attachment-1536x1536 size-1536x1536 wp-image-746\" alt=\"\" srcset=\"http:\/\/www.lapetitecom.be\/wp-content\/uploads\/2025\/05\/Copie-de-Coaching-Canva-Site-Web-1-1536x768.png 1536w, http:\/\/www.lapetitecom.be\/wp-content\/uploads\/2025\/05\/Copie-de-Coaching-Canva-Site-Web-1-300x150.png 300w, http:\/\/www.lapetitecom.be\/wp-content\/uploads\/2025\/05\/Copie-de-Coaching-Canva-Site-Web-1-1024x512.png 1024w, http:\/\/www.lapetitecom.be\/wp-content\/uploads\/2025\/05\/Copie-de-Coaching-Canva-Site-Web-1-768x384.png 768w, http:\/\/www.lapetitecom.be\/wp-content\/uploads\/2025\/05\/Copie-de-Coaching-Canva-Site-Web-1-2048x1024.png 2048w\" sizes=\"(max-width: 1536px) 100vw, 1536px\" \/>\t\t\t\t\t\t\t\t\t\t\t\t\t<\/div>\n\t\t\t\t<\/div>\n\t\t\t\t<div class=\"elementor-element elementor-element-b0f186c elementor-widget elementor-widget-text-editor\" data-id=\"b0f186c\" data-element_type=\"widget\" data-widget_type=\"text-editor.default\">\n\t\t\t\t<div class=\"elementor-widget-container\">\n\t\t\t\t\t\t\t<p>Canva est devenu l\u2019outil indispensable pour cr\u00e9er des visuels impactants : r\u00e9seaux sociaux, logos, pr\u00e9sentations, vid\u00e9os\u2026 Il s\u2019adapte \u00e0 tous les besoins professionnels.<\/p><p>Mais se lancer seul peut \u00eatre long, frustrant et peu productif. Mon coaching <b>1:1 express<\/b> est con\u00e7u pour te faire gagner du temps et te donner <b>les cl\u00e9s essentielles pour devenir autonome rapidement.<\/b><\/p><p>En <b>1h<\/b>, d\u00e9couvre l\u2019interface, les fonctions cl\u00e9s et travaille directement sur <b>tes visuels<\/b>, adapt\u00e9s \u00e0 ton activit\u00e9.<\/p><p>Tu veux cr\u00e9er des vid\u00e9os, pr\u00e9sentations, documents pros, stories, visuels Insta ou Facebook ?<br \/>On le fait ensemble, <b>et tu repars avec des r\u00e9sultats concrets.<\/b><\/p><h4><b>\ud83e\udde0 POUR QUI ?<\/b><\/h4><ul><li aria-level=\"1\">Ind\u00e9pendants, commer\u00e7ants, artisans<\/li><li aria-level=\"1\">Salari\u00e9s en activit\u00e9 compl\u00e9mentaire<\/li><li aria-level=\"1\">Associations<\/li><li aria-level=\"1\">Toute personne qui communique en ligne mais ne ma\u00eetrise pas Canva<\/li><\/ul>\t\t\t\t\t\t<\/div>\n\t\t\t\t<\/div>\n\t\t\t\t<div class=\"elementor-element elementor-element-c5c7863 elementor-widget elementor-widget-text-editor\" data-id=\"c5c7863\" data-element_type=\"widget\" data-widget_type=\"text-editor.default\">\n\t\t\t\t<div class=\"elementor-widget-container\">\n\t\t\t\t\t\t\t<h4><b>\ud83d\udca1 POURQUOI CE COACHING ?<\/b><\/h4><ul><li aria-level=\"1\">Tu perds du temps \u00e0 bricoler des visuels ?<\/li><li aria-level=\"1\">Tu n\u2019es pas s\u00fbr(e) du rendu &#8220;pro&#8221; de ce que tu cr\u00e9es ?<\/li><li aria-level=\"1\">Tu ne sais pas par o\u00f9 commencer dans Canva?<\/li><\/ul><p>En <b>1h<\/b>, on d\u00e9bloque ensemble <b>un point pr\u00e9cis<\/b>, et tu repars avec :<\/p><p>\u2705 Une m\u00e9thode<br \/>\u2705 Des mod\u00e8les<br \/>\u2705 Une meilleure autonomie<\/p>\t\t\t\t\t\t<\/div>\n\t\t\t\t<\/div>\n\t\t\t\t<div class=\"elementor-element elementor-element-29e1595 elementor-widget elementor-widget-text-editor\" data-id=\"29e1595\" data-element_type=\"widget\" data-widget_type=\"text-editor.default\">\n\t\t\t\t<div class=\"elementor-widget-container\">\n\t\t\t\t\t\t\t<h4><b>\ud83d\udd27 COMMENT SE D\u00c9ROULE LA S\u00c9ANCE ?<\/b><\/h4><ul><li><b>1h en visio (Zoom) ou en pr\u00e9sentiel sur Mons<\/b><b><br \/><\/b> \ud83d\udce9 Mini-questionnaire de pr\u00e9paration (envoy\u00e9 apr\u00e8s r\u00e9servation)<\/li><li>Travail cibl\u00e9 sur TON besoin (visuel en cours, organisation, mod\u00e8les\u2026)<\/li><li>Tu repars avec :<ul><li>Ton visuel pr\u00eat \u00e0 l\u2019emploi (ou en tr\u00e8s bonne voie)<\/li><li aria-level=\"1\">Une mini-fiche m\u00e9mo personnalis\u00e9e<\/li><li aria-level=\"1\">L\u2019enregistrement de la s\u00e9ance (si tu le souhaites)<\/li><\/ul><\/li><\/ul><h4><b>\ud83d\udcda EXEMPLES DE COACHING<\/b><\/h4><ul><li>Cr\u00e9er un visuel de post Instagram pro<\/li><li>Concevoir une plaquette A4 ou un flyer pour impression<\/li><li>Cr\u00e9er une vid\u00e9o de pr\u00e9sentation<\/li><li>Cr\u00e9er un CV percutant<\/li><li>Concevoir une brochure<\/li><\/ul><h4><b>\ud83d\udcb0 TARIF<\/b><\/h4><p>\ud83c\udfaf Coaching Canva \u2013 1h : <b>65 \u20ac<\/b><b><br \/><\/b> \ud83c\udf81 Bonus : mod\u00e8le personnalisable offert \u00e0 la fin de la s\u00e9ance<\/p><h4><b>\ud83d\udcc6 COMMENT R\u00c9SERVER ?<\/b><\/h4><ol><li aria-level=\"1\">Choisis ton cr\u00e9neau ici \u2192 [ Formulaire]<\/li><li aria-level=\"1\">R\u00e9ponds au petit questionnaire<\/li><li aria-level=\"1\">On se retrouve en visio pour une heure efficace et motivante \ud83d\udcaa<\/li><\/ol><p>\ud83d\udce9 Tu as une question ? \u00c9cris-moi ici : info@lapetitecom.be<\/p>\t\t\t\t\t\t<\/div>\n\t\t\t\t<\/div>\n\t\t\t\t\t<\/div>\n\t\t\t\t<\/div>\n\t\t\t\t<\/div>\n\t\t","protected":false},"excerpt":{"rendered":"<p>COACHING CANVA 1H CHRONO Canva est devenu l\u2019outil indispensable pour cr\u00e9er des visuels impactants : r\u00e9seaux sociaux, logos, pr\u00e9sentations, vid\u00e9os\u2026 Il s\u2019adapte \u00e0 tous les besoins professionnels. Mais se lancer seul peut \u00eatre long, frustrant et peu productif. Mon coaching 1:1 express est con\u00e7u pour te faire gagner du temps et te donner les cl\u00e9s [&hellip;]<\/p>\n","protected":false},"author":1,"featured_media":0,"parent":0,"menu_order":0,"comment_status":"closed","ping_status":"closed","template":"elementor_theme","meta":{"footnotes":""},"class_list":["post-96","page","type-page","status-publish","hentry"],"_links":{"self":[{"href":"http:\/\/www.lapetitecom.be\/index.php\/wp-json\/wp\/v2\/pages\/96","targetHints":{"allow":["GET"]}}],"collection":[{"href":"http:\/\/www.lapetitecom.be\/index.php\/wp-json\/wp\/v2\/pages"}],"about":[{"href":"http:\/\/www.lapetitecom.be\/index.php\/wp-json\/wp\/v2\/types\/page"}],"author":[{"embeddable":true,"href":"http:\/\/www.lapetitecom.be\/index.php\/wp-json\/wp\/v2\/users\/1"}],"replies":[{"embeddable":true,"href":"http:\/\/www.lapetitecom.be\/index.php\/wp-json\/wp\/v2\/comments?post=96"}],"version-history":[{"count":209,"href":"http:\/\/www.lapetitecom.be\/index.php\/wp-json\/wp\/v2\/pages\/96\/revisions"}],"predecessor-version":[{"id":771,"href":"http:\/\/www.lapetitecom.be\/index.php\/wp-json\/wp\/v2\/pages\/96\/revisions\/771"}],"wp:attachment":[{"href":"http:\/\/www.lapetitecom.be\/index.php\/wp-json\/wp\/v2\/media?parent=96"}],"curies":[{"name":"wp","href":"https:\/\/api.w.org\/{rel}","templated":true}]}}