{"id":258,"date":"2024-11-25T15:53:38","date_gmt":"2024-11-25T14:53:38","guid":{"rendered":"http:\/\/www.lapetitecom.be\/?page_id=258"},"modified":"2025-12-16T21:48:36","modified_gmt":"2025-12-16T20:48:36","slug":"formations","status":"publish","type":"page","link":"http:\/\/www.lapetitecom.be\/index.php\/formations\/","title":{"rendered":"Formations"},"content":{"rendered":"\t\t<div data-elementor-type=\"wp-page\" data-elementor-id=\"258\" class=\"elementor elementor-258\">\n\t\t\t\t<div class=\"elementor-element elementor-element-aea57cc e-flex e-con-boxed e-con e-parent\" data-id=\"aea57cc\" data-element_type=\"container\">\n\t\t\t\t\t<div class=\"e-con-inner\">\n\t\t\t\t<div class=\"elementor-element elementor-element-659b18c elementor-widget elementor-widget-heading\" data-id=\"659b18c\" data-element_type=\"widget\" data-widget_type=\"heading.default\">\n\t\t\t\t<div class=\"elementor-widget-container\">\n\t\t\t<h2 class=\"elementor-heading-title elementor-size-default\">Agenda des formations<\/h2>\t\t<\/div>\n\t\t\t\t<\/div>\n\t\t\t\t<div class=\"elementor-element elementor-element-111f206 elementor-widget elementor-widget-spacer\" data-id=\"111f206\" data-element_type=\"widget\" data-widget_type=\"spacer.default\">\n\t\t\t\t<div class=\"elementor-widget-container\">\n\t\t\t\t\t<div class=\"elementor-spacer\">\n\t\t\t<div class=\"elementor-spacer-inner\"><\/div>\n\t\t<\/div>\n\t\t\t\t<\/div>\n\t\t\t\t<\/div>\n\t\t<div class=\"elementor-element elementor-element-e21bf2f e-grid e-con-full e-con e-child\" data-id=\"e21bf2f\" data-element_type=\"container\">\n\t\t\t\t<div class=\"elementor-element elementor-element-6072f51 elementor-widget elementor-widget-image\" data-id=\"6072f51\" data-element_type=\"widget\" data-widget_type=\"image.default\">\n\t\t\t\t<div class=\"elementor-widget-container\">\n\t\t\t\t\t\t\t\t\t\t\t\t\t<img fetchpriority=\"high\" decoding=\"async\" width=\"950\" height=\"900\" src=\"http:\/\/www.lapetitecom.be\/wp-content\/uploads\/2025\/12\/Atelier-950-x-900-px.png\" class=\"attachment-full size-full wp-image-782\" alt=\"\" srcset=\"http:\/\/www.lapetitecom.be\/wp-content\/uploads\/2025\/12\/Atelier-950-x-900-px.png 950w, http:\/\/www.lapetitecom.be\/wp-content\/uploads\/2025\/12\/Atelier-950-x-900-px-300x284.png 300w, http:\/\/www.lapetitecom.be\/wp-content\/uploads\/2025\/12\/Atelier-950-x-900-px-768x728.png 768w\" sizes=\"(max-width: 950px) 100vw, 950px\" \/>\t\t\t\t\t\t\t\t\t\t\t\t\t<\/div>\n\t\t\t\t<\/div>\n\t\t\t\t<div class=\"elementor-element elementor-element-1f04b31 elementor-widget elementor-widget-image\" data-id=\"1f04b31\" data-element_type=\"widget\" data-widget_type=\"image.default\">\n\t\t\t\t<div class=\"elementor-widget-container\">\n\t\t\t\t\t\t\t\t\t\t\t\t\t\t<a href=\"http:\/\/www.lapetitecom.be\/index.php\/canva-creez-vos-visuels-pro-p\/\">\n\t\t\t\t\t\t\t<img decoding=\"async\" width=\"1024\" height=\"1024\" src=\"http:\/\/www.lapetitecom.be\/wp-content\/uploads\/2025\/01\/13-fevrier-2025-09h-12h-Workall-La-Louviere1-1024x1024.png\" class=\"attachment-large size-large wp-image-484\" alt=\"\" srcset=\"http:\/\/www.lapetitecom.be\/wp-content\/uploads\/2025\/01\/13-fevrier-2025-09h-12h-Workall-La-Louviere1-1024x1024.png 1024w, http:\/\/www.lapetitecom.be\/wp-content\/uploads\/2025\/01\/13-fevrier-2025-09h-12h-Workall-La-Louviere1-300x300.png 300w, http:\/\/www.lapetitecom.be\/wp-content\/uploads\/2025\/01\/13-fevrier-2025-09h-12h-Workall-La-Louviere1-150x150.png 150w, http:\/\/www.lapetitecom.be\/wp-content\/uploads\/2025\/01\/13-fevrier-2025-09h-12h-Workall-La-Louviere1-768x768.png 768w, http:\/\/www.lapetitecom.be\/wp-content\/uploads\/2025\/01\/13-fevrier-2025-09h-12h-Workall-La-Louviere1.png 1080w\" sizes=\"(max-width: 1024px) 100vw, 1024px\" \/>\t\t\t\t\t\t\t\t<\/a>\n\t\t\t\t\t\t\t\t\t\t\t\t\t<\/div>\n\t\t\t\t<\/div>\n\t\t\t\t<div class=\"elementor-element elementor-element-8936f28 elementor-widget elementor-widget-image\" data-id=\"8936f28\" data-element_type=\"widget\" data-widget_type=\"image.default\">\n\t\t\t\t<div class=\"elementor-widget-container\">\n\t\t\t\t\t\t\t\t\t\t\t\t\t\t<a href=\"http:\/\/www.lapetitecom.be\/index.php\/canva-insta\/\">\n\t\t\t\t\t\t\t<img decoding=\"async\" width=\"1024\" height=\"1024\" src=\"http:\/\/www.lapetitecom.be\/wp-content\/uploads\/2025\/01\/Formations-a-venir1-1024x1024.png\" class=\"attachment-large size-large wp-image-482\" alt=\"\" srcset=\"http:\/\/www.lapetitecom.be\/wp-content\/uploads\/2025\/01\/Formations-a-venir1-1024x1024.png 1024w, http:\/\/www.lapetitecom.be\/wp-content\/uploads\/2025\/01\/Formations-a-venir1-300x300.png 300w, http:\/\/www.lapetitecom.be\/wp-content\/uploads\/2025\/01\/Formations-a-venir1-150x150.png 150w, http:\/\/www.lapetitecom.be\/wp-content\/uploads\/2025\/01\/Formations-a-venir1-768x768.png 768w, http:\/\/www.lapetitecom.be\/wp-content\/uploads\/2025\/01\/Formations-a-venir1.png 1080w\" sizes=\"(max-width: 1024px) 100vw, 1024px\" \/>\t\t\t\t\t\t\t\t<\/a>\n\t\t\t\t\t\t\t\t\t\t\t\t\t<\/div>\n\t\t\t\t<\/div>\n\t\t\t\t<div class=\"elementor-element elementor-element-511c450 elementor-widget elementor-widget-text-editor\" data-id=\"511c450\" data-element_type=\"widget\" data-widget_type=\"text-editor.default\">\n\t\t\t\t<div class=\"elementor-widget-container\">\n\t\t\t\t\t\t\t<p style=\"text-align: center;\"><strong>Atelier Tableau de Visualisation<\/strong><\/p><p style=\"text-align: center;\">Le 14\/01\/2025<br \/>A la Petite Maison Folie<br \/>Mons<\/p>\t\t\t\t\t\t<\/div>\n\t\t\t\t<\/div>\n\t\t\t\t<div class=\"elementor-element elementor-element-fc1c778 elementor-widget elementor-widget-text-editor\" data-id=\"fc1c778\" data-element_type=\"widget\" data-widget_type=\"text-editor.default\">\n\t\t\t\t<div class=\"elementor-widget-container\">\n\t\t\t\t\t\t\t<p style=\"text-align: center;\"><strong>Canva: Cr\u00e9ez des visuels pro pour vos r\u00e9seaux sociaux<\/strong><\/p><p style=\"text-align: center;\">Date \u00e0 venir<\/p>\t\t\t\t\t\t<\/div>\n\t\t\t\t<\/div>\n\t\t\t\t<div class=\"elementor-element elementor-element-7a5077c elementor-widget elementor-widget-text-editor\" data-id=\"7a5077c\" data-element_type=\"widget\" data-widget_type=\"text-editor.default\">\n\t\t\t\t<div class=\"elementor-widget-container\">\n\t\t\t\t\t\t\t<p style=\"text-align: center;\"><strong>Boostez votre Instagram avec Canva<\/strong><\/p><p style=\"text-align: center;\">Date \u00e0 venir<\/p>\t\t\t\t\t\t<\/div>\n\t\t\t\t<\/div>\n\t\t\t\t<\/div>\n\t\t<div class=\"elementor-element elementor-element-1b6caad e-con-full e-flex e-con e-child\" data-id=\"1b6caad\" data-element_type=\"container\">\n\t\t\t\t<div class=\"elementor-element elementor-element-1af1e71 elementor-align-center elementor-widget elementor-widget-button\" data-id=\"1af1e71\" data-element_type=\"widget\" data-widget_type=\"button.default\">\n\t\t\t\t<div class=\"elementor-widget-container\">\n\t\t\t\t\t\t\t<div class=\"elementor-button-wrapper\">\n\t\t\t\t\t<a class=\"elementor-button elementor-button-link elementor-size-sm\" href=\"https:\/\/forms.gle\/eoP7P6HqGZj7b4bw7\" target=\"_blank\">\n\t\t\t\t\t\t<span class=\"elementor-button-content-wrapper\">\n\t\t\t\t\t\t\t\t\t<span class=\"elementor-button-text\">Je souhaite \u00eatre inform\u00e9 des prochaines dates de formation<\/span>\n\t\t\t\t\t<\/span>\n\t\t\t\t\t<\/a>\n\t\t\t\t<\/div>\n\t\t\t\t\t\t<\/div>\n\t\t\t\t<\/div>\n\t\t\t\t<\/div>\n\t\t\t\t\t<\/div>\n\t\t\t\t<\/div>\n\t\t\t\t<\/div>\n\t\t","protected":false},"excerpt":{"rendered":"<p>Agenda des formations Atelier Tableau de Visualisation Le 14\/01\/2025A la Petite Maison FolieMons Canva: Cr\u00e9ez des visuels pro pour vos r\u00e9seaux sociaux Date \u00e0 venir Boostez votre Instagram avec Canva Date \u00e0 venir Je souhaite \u00eatre inform\u00e9 des prochaines dates de formation<\/p>\n","protected":false},"author":1,"featured_media":0,"parent":0,"menu_order":0,"comment_status":"closed","ping_status":"closed","template":"","meta":{"footnotes":""},"class_list":["post-258","page","type-page","status-publish","hentry"],"_links":{"self":[{"href":"http:\/\/www.lapetitecom.be\/index.php\/wp-json\/wp\/v2\/pages\/258","targetHints":{"allow":["GET"]}}],"collection":[{"href":"http:\/\/www.lapetitecom.be\/index.php\/wp-json\/wp\/v2\/pages"}],"about":[{"href":"http:\/\/www.lapetitecom.be\/index.php\/wp-json\/wp\/v2\/types\/page"}],"author":[{"embeddable":true,"href":"http:\/\/www.lapetitecom.be\/index.php\/wp-json\/wp\/v2\/users\/1"}],"replies":[{"embeddable":true,"href":"http:\/\/www.lapetitecom.be\/index.php\/wp-json\/wp\/v2\/comments?post=258"}],"version-history":[{"count":55,"href":"http:\/\/www.lapetitecom.be\/index.php\/wp-json\/wp\/v2\/pages\/258\/revisions"}],"predecessor-version":[{"id":802,"href":"http:\/\/www.lapetitecom.be\/index.php\/wp-json\/wp\/v2\/pages\/258\/revisions\/802"}],"wp:attachment":[{"href":"http:\/\/www.lapetitecom.be\/index.php\/wp-json\/wp\/v2\/media?parent=258"}],"curies":[{"name":"wp","href":"https:\/\/api.w.org\/{rel}","templated":true}]}}